f + 250. What is the tens digit of f?
5
Suppose -78 - 298 = -4*y. Suppose -3*p - p = -20, y = 3*a + 5*p. Suppose -2*h + a = -75. What is the units digit of h?
9
Let w(o) = 44*o**2 - 17*o - 136. What is the thousands digit of w(18)?
3
What is the tens digit of ((-38)/(-6) + -7)*(-2919)/7?
7
Suppose -2*f - 2 = -12. Suppose 4*z + i - 9 = 0, -f*i + 5 = 5*z - 10. Suppose z*r - c = -3*c + 26, -5*r = c - 61. What is the tens digit of r?
1
Suppose -2*y = -4*v + 14, 2*v - v + 24 = -5*y. Let p(n) be the first derivative of 28*n**2 - 5*n - 1. What is the units digit of p(v)?
1
Let t(i) = 189*i + 466. What is the units digit of t(80)?
6
Suppose -6*p + 869 = 5*p. Let s = 83 - p. Suppose o = -3*d + 248, 5*d + 87 = 6*d - s*o. What is the tens digit of d?
8
Suppose 24*w - 20*w = 16. Let a(l) = 3*l**2 - 1705*l**3 + 10 - w*l - 2*l + 1713*l**3. What is the units digit of a(2)?
4
Suppose 158*o - 165*o + 847 = 0. Let d = o + 82. What is the hundreds digit of d?
2
Let v be 27/(-36) - (-2375)/20. Suppose -v*q = -105*q - 23686. What is the thousands digit of q?
1
What is the tens digit of (-34538)/(-2) - 2/(-12)*6*-5?
6
Let b(s) = -3*s**3 + 4*s**2 - s + 8. Suppose 20 = -8*o - 12. What is the tens digit of b(o)?
6
Suppose 8*s = -13*s + 8*s + 288327. What is the tens digit of s?
7
Suppose -2*t + 39*r - 42*r = -30574, -t - 4*r + 15277 = 0. What is the units digit of t?
3
Let l(x) = 6*x + 13. Let j be l(5). Suppose -s = 4*c + 108 + j, 169 = -s + 5*c. Let m = 269 + s. What is the units digit of m?
0
Suppose 7 + 5 = 2*f. Suppose -9*o - 3*u - 27 = -f*o, -2*o - 3*u - 22 = 0. Let m(d) = 5*d**2 + 12*d + 25. What is the tens digit of m(o)?
9
Suppose 4*i - 7 = -f, -3*i = 5*f - 7*f - 8. Suppose 0 = 5*y, i*y - 965 = 5*t - 2595. What is the units digit of t?
6
Suppose -2*m - r = 4, 2*r + 2*r = m + 2. Let a(l) = 391*l**2 - 4. What is the tens digit of a(m)?
6
Let v(w) = -15 + 6*w - 6 + 1. Let d(o) = o**3 + 11*o**2 - 3*o - 29. Let y be d(-11). What is the units digit of v(y)?
4
Let j(d) = 1452*d + 54. What is the thousands digit of j(1)?
1
Suppose -4*a = -3*q - 6366, 3*q - 1 = 5. Suppose 2668 = 5*g - 2*l, -1047 - a = -5*g - 5*l. What is the hundreds digit of g?
5
Suppose -74*o = -75*o - 2*d + 5975, -3*o + 17935 = -4*d. What is the tens digit of o?
7
Let b(l) = l**3 - l**2 + 4*l + 96. Let c be b(0). Let x = 938 - c. What is the units digit of x?
2
Let z be 120/50 - 3/(-5). Let u(g) = -2*g + 4*g**2 - 2*g**2 + g**2 - 20 + z*g. What is the units digit of u(-6)?
2
Let q(b) = b**3 - 6*b**2 - 28*b + 29. What is the tens digit of q(22)?
5
Suppose -2*s + t = -1303, 3*s - t = 2648 - 695. Suppose 4*b + 1617 = 5*v, 5*b = 5*v - s - 965. What is the units digit of v?
5
What is the tens digit of (12 + -8 + 5 + -5)/((-12)/(-72162))?
5
What is the hundreds digit of ((-99)/(-4))/((-6)/(-4))*(-152)/(-6)?
4
Suppose 0 = -5*q - 0*q + 2980. Suppose -5*s - 18*f = -17*f - 15, 3*f = 2*s - 23. Suppose -h - 614 = -5*h + 2*i, q = s*h + 4*i. What is the hundreds digit of h?
1
Suppose -122280 = -3*f + 18*g - 15*g, 0 = -4*f - 3*g + 163054. What is the thousands digit of f?
0
Suppose i - 50125 = 2*y + 24358, i + 4*y - 74519 = 0. What is the tens digit of i?
9
Let k(v) = -v**2 - 19*v - 17. Let i(j) = -3*j**2 - 2*j. Suppose -d - 5 = 4*s - 0*d, 4*d = 12. Let w be i(s). What is the units digit of k(w)?
1
Suppose 0 = -9*w - 2*w - 11. Let a be (-30)/(-45)*(13 + w). What is the units digit of (-2 - -90) + a/(-4)?
6
Suppose -64318 = -123*w - 7984. Suppose 0*r + r - 8 = 0. Suppose p - w = 4*t - r*t, -5*p - 470 = -4*t. What is the units digit of t?
5
Let h(q) = -q + 3. Let j be h(-2). Suppose 5*l - 15 = j*m - 0*m, 3*l + 1 = m. What is the units digit of l/(-3) + (-1191)/(-9)?
3
Let s be 7/(84/(-18))*2972/(-2). Let p = s - 1592. Suppose -5*k - 4*z + 643 = 0, 3*k + 2*k + z - p = 0. What is the hundreds digit of k?
1
Suppose 3*t - 2*q - 6559 = 0, 116*t = 121*t + 2*q - 10953. What is the units digit of t?
9
Suppose -m = -6 - 2. Suppose m*g - 350 = 3*g. Suppose 2*k - 74 = 4*h, 2*h = 2*k - h - g. What is the units digit of k?
9
Suppose 0 = 5*q - 5*c - 20, q + 10*c - 2 = 12*c. What is the units digit of 4 - 5*(q + -47)?
9
Suppose 5*l - 48505 = -3*q, -10*q + 6*q + 64600 = -8*l. What is the tens digit of q?
6
Suppose -5705235 + 1347873 = -129*h. What is the tens digit of h?
7
Suppose -166096 = -67*a + 39*a. What is the thousands digit of a?
5
Let p(g) = 989*g**2 - 274*g - 1403. What is the ten thousands digit of p(-5)?
2
Let c be 28/5 + 4/10. What is the tens digit of 19239/198 - 1/c?
9
Let g(b) = 140*b**3 - 21*b**2 + b + 66. What is the units digit of g(5)?
6
Suppose 30*o - 506 - 1294 = 0. What is the hundreds digit of 10/75 + 68212/o?
1
Let b = 50095 - -6834. What is the units digit of b?
9
Let u(g) = -14*g**3 + 27*g**2 + 93*g + 49. What is the units digit of u(-9)?
5
Let u(r) = r**3 + r**2 + 22*r + 68. What is the hundreds digit of u(25)?
8
What is the hundreds digit of (1 + 283/3)*1/((-30)/(-14130))?
9
Let s(r) be the second derivative of r**5/20 - 7*r**4/4 + 4*r**3 - 15*r**2 + 79*r - 2. What is the tens digit of s(20)?
5
Suppose 0 = 4*q - 7*o - 66763, -3*q - 2*o = -5256 - 44809. What is the thousands digit of q?
6
Let x = 31551 + -21701. What is the units digit of x?
0
Let m(q) = -q**3 + 50*q**2 - 92*q + 508. What is the units digit of m(19)?
1
Suppose -18 = -142*w + 136*w. What is the units digit of 1913/w - (-36)/27?
9
Suppose -5*s + y = -260516, 11*s - y = 510409 + 62719. What is the hundreds digit of s?
1
Let c = 20396 - 4016. What is the tens digit of c?
8
Let n be (-6)/(-15)*-5 + 1*4. Suppose -n*t + 408 = t. Suppose 3*c + l = t, 6*c - l - 146 = 3*c. What is the units digit of c?
7
Let c be 5/4 + 2 - 4/16. Suppose -12 + 0 = c*u. What is the tens digit of 53/6*u*-3?
0
Let z(k) = -3*k**2 + 25*k - 406. Let f(g) = 13*g**2 - 103*g + 1624. Let q(x) = -2*f(x) - 9*z(x). What is the tens digit of q(0)?
0
What is the ten thousands digit of (-12 + -61)*2*1065/(-6)?
2
Let d be 1/(6/24) - 2. Suppose 28*a + d = 26*a. Let l(y) = -258*y**3 - 3*y**2 + 1. What is the tens digit of l(a)?
5
Let z be 9*-2*(16/(-12) + 1). Let w be 6/z - (0 - -2). What is the units digit of (w + -2)/((-1)/18)?
4
Let m(o) = -708*o - 1956. What is the thousands digit of m(-75)?
1
Let i = 29882 + -17541. What is the hundreds digit of i?
3
Suppose 54101 + 480375 = 15*i - 14314. What is the tens digit of i?
8
Suppose 0 = -20*z + 25*z - 3*n - 72, -4*z - 5*n = -65. Suppose -6069 = z*g - 28884. What is the hundreds digit of g?
5
Let z = 68 + -71. Let h(x) = 158*x - 9. Let q(n) = 53*n - 3. Let b(y) = -4*h(y) + 11*q(y). What is the hundreds digit of b(z)?
1
Let v = 1031 + 402. Suppose -461 + v = 3*h. What is the units digit of h?
4
Let p(f) = 2658*f**2 - 5*f - 18. What is the tens digit of p(-6)?
0
Let k = -198 - -179. What is the hundreds digit of (-428)/8*(3 + k)?
8
Let r(b) = -1230*b + 71. What is the tens digit of r(-6)?
5
Let r be 86/30 + (-20)/(-150). Suppose -59 = -r*a + 1180. Suppose 0 = 2*h - 9*h + a. What is the units digit of h?
9
What is the units digit of 70576/20*480/192?
2
Let t be 10 + -15 - (-2 + -1). Let p(m) = -156*m + 1. What is the tens digit of p(t)?
1
Let o(r) = 48*r + 86. Let k(m) = 19*m + 35. Let y(p) = -12*k(p) + 5*o(p). What is the units digit of y(3)?
6
Let a(f) = -624*f + 12219. What is the hundreds digit of a(15)?
8
What is the units digit of (-6 + (-9 - -9))/(93459/23367 - 4)?
8
Suppose 5*z - 63997 = 4*r, -3*z + r - 2*r + 38388 = 0. What is the tens digit of z?
9
Let j = 65 - 56. What is the units digit of 746 - (j - 13)*-2?
8
Suppose -7*j + 11*j - l - 3163 = 0, -5*j + l + 3955 = 0. Suppose -j = -2*d + 4*r, -d - 10*r + 381 = -7*r. What is the tens digit of d?
9
Suppose 1100 = -v + 21*v. Let s = 517 + v. What is the units digit of s?
2
Let h(p) = 6*p - 7*p - 9*p + 20. Suppose -2*x = 4*w + 13 + 15, -2*x + 35 = -5*w. What is the tens digit of h(w)?
9
Let s(z) = -z**2 + 4*z - 1. Let v be s(2). Let i be (v/((-6)/(-4)))/(2/(-10)). Let k = i + 11. What is the units digit of k?
1
Let b(y) = -y - 3. Let r be b(-5). Suppose -3*n - 5473 = -2*h - r*h, n - 1370 = -h. What is the tens digit of h?
6
Let a = -473 - -867. Let b = a + -102. What is the tens digit of b?
9
Suppose -9*h + 61642 = -9994 + 5882. What is the tens digit of h?
0
Let y = -62937 - -